249480?
True
Is 1612780 a multiple of 64?
False
Does 98 divide 5082084?
True
Is 43272 a multiple of 3?
True
Is 98544 a multiple of 30?
False
Is 197024 a multiple of 16?
True
Does 24 divide 210912?
True
Is 2354065 a multiple of 721?
True
Does 4 divide 8364?
True
Does 439 divide 226524?
True
Does 135 divide 1514523?
False
Is 850380 a multiple of 6?
True
Is 441585 a multiple of 595?
False
Is 916674 a multiple of 314?
False
Is 33959 a multiple of 137?
False
Is 68375 a multiple of 13?
False
Is 4093230 a multiple of 22?
False
Is 46659 a multiple of 46?
False
Is 10 a factor of 303360?
True
Is 203 a factor of 24705126?
False
Is 17938 a multiple of 591?
False
Is 472 a factor of 326624?
True
Is 411 a factor of 115080?
True
Is 324070 a multiple of 806?
False
Is 13458004 a multiple of 646?
False
Does 46 divide 1336358?
False
Does 133 divide 35019?
False
Is 598590 a multiple of 6?
True
Does 58 divide 1883318?
True
Is 6204531 a multiple of 81?
False
Does 496 divide 1097152?
True
Does 213 divide 54102?
True
Does 114 divide 284772?
True
Is 2934 a multiple of 114?
False
Is 29595 a multiple of 145?
False
Is 8437200 a multiple of 20?
True
Does 756 divide 2831458?
False
Does 2 divide 289685?
False
Is 242165 a multiple of 259?
True
Is 3195650 a multiple of 25?
True
Is 931 a factor of 3770550?
True
Does 87 divide 4491027?
True
Is 65387 a multiple of 3?
False
Is 336077 a multiple of 7?
True
Does 44 divide 37840?
True
Does 68 divide 161407?
False
Is 257 a factor of 3927474?
True
Is 1615761 a multiple of 63?
True
Does 10 divide 1266650?
True
Is 127 a factor of 695833?
True
Does 38 divide 495247?
False
Is 114336 a multiple of 4?
True
Does 159 divide 491175?
False
Is 82 a factor of 181287?
False
Does 29 divide 355381?
False
Is 47 a factor of 280804?
False
Is 62060 a multiple of 29?
True
Is 71118 a multiple of 162?
True
Is 800657 a multiple of 121?
True
Does 117 divide 64467?
True
Does 12 divide 3036612?
True
Is 547097 a multiple of 57?
False
Does 21 divide 1273881?
True
Is 2141346 even?
True
Does 14 divide 284998?
True
Is 635445 even?
False
Does 306 divide 3659760?
True
Is 22339875 a multiple of 108?
False
Is 93730 a multiple of 32?
False
Is 23378 even?
True
Is 19042 a multiple of 44?
False
Does 313 divide 2157932?
False
Is 814784 a multiple of 16?
True
Is 35 a factor of 320915?
True
Does 242 divide 6898452?
True
Is 39 a factor of 88484?
False
Does 502 divide 7872294?
False
Is 815 a factor of 2682980?
True
Is 41 a factor of 2705385?
True
Is 6 a factor of 2671264?
False
Is 4920 even?
True
Is 459136 a multiple of 4?
True
Is 139798 a multiple of 2?
True
Is 913367 a multiple of 25?
False
Is 16 a factor of 386819?
False
Is 32 a factor of 160965?
False
Does 255 divide 4762106?
False
Is 4 a factor of 89107?
False
Does 76 divide 1726387?
False
Is 175334 a multiple of 52?
False
Is 7961241 a multiple of 14?
False
Is 183 a factor of 2013?
True
Is 1202408 a multiple of 4?
True
Does 3 divide 369120?
True
Is 3368442 a multiple of 322?
True
Does 10 divide 211840?
True
Is 2927372 a multiple of 28?
True
Is 1182195 a multiple of 81?
True
Does 137 divide 6183372?
False
Is 120672 a multiple of 202?
False
Does 25 divide 862141?
False
Does 3 divide 63110?
False
Is 152 a factor of 1088016?
True
Does 6 divide 3417721?
False
Does 421 divide 1833034?
True
Is 2 a factor of 134237?
False
Does 21 divide 84465?
False
Does 1500 divide 681000?
True
Does 395 divide 6803796?
False
Is 57941 a multiple of 13?
True
Is 181 a factor of 1321481?
True
Is 728 a factor of 218400?
True
Is 103 a factor of 712372?
False
Is 224936 a multiple of 20?
False
Is 4 a factor of 3357388?
True
Is 39066 a multiple of 3?
True
Does 89 divide 64525?
True
Is 110884 a multiple of 9?
False
Is 17623770 a multiple of 15?
True
Does 76 divide 948708?
True
Does 15 divide 36233?
False
Does 86 divide 2583784?
True
Is 4483 a multiple of 2?
False
Is 394072 a multiple of 454?
True
Does 57 divide 137492?
False
Is 18 a factor of 964548?
True
Is 23 a factor of 2130490?
True
Is 1032444 a multiple of 12?
True
Does 48 divide 7726560?
True
Is 58 a factor of 127965?
False
Is 277229 a multiple of 19?
True
Is 99093 a multiple of 29?
True
Is 53 a factor of 52735?
True
Is 12711166 a multiple of 43?
False
Does 4 divide 2182660?
True
Is 81 a factor of 3808615?
False
Does 8 divide 800480?
True
Does 987 divide 465864?
True
Is 1067 a factor of 1461271?
False
Is 10 a factor of 1914757?
False
Is 11989482 a multiple of 17?
False
Is 20133 a multiple of 203?
False
Is 5 a factor of 263127?
False
Is 20 a factor of 1138800?
True
Does 61 divide 4569510?
True
Is 24689175 a multiple of 31?
True
Is 22848 a multiple of 84?
True
Is 559 a factor of 299624?
True
Does 13 divide 1270700?
False
Does 38 divide 2537716?
True
Is 12 a factor of 332926?
False
Does 88 divide 602360?
True
Is 6087809 a multiple of 394?
False
Does 10 divide 2164272?
False
Does 61 divide 575338?
False
Does 5 divide 5245?
True
Is 5837268 a multiple of 32?
False
Is 46 a factor of 30866?
True
Is 226 a factor of 169726?
True
Does 551 divide 4402920?
False
Is 639200 a multiple of 170?
True
Is 468540 a multiple of 180?
True
Is 493 a factor of 1696300?
False
Is 351 a factor of 152300?
False
Is 318 a factor of 244830?
False
Is 26 a factor of 10521290?
True
Is 12924 a multiple of 18?
True
Is 7 a factor of 40727?
False
Is 14495 a multiple of 61?
False
Is 63 a factor of 50337?
True
Is 7972810 a multiple of 15?
False
Is 71938 a multiple of 65?
False
Does 91 divide 547742?
False
Does 624 divide 899184?
True
Is 19 a factor of 1871366?
False
Is 64534 a multiple of 26?
False
Does 9 divide 2066316?
False
Is 182 a factor of 288834?
True
Is 297199 a multiple of 211?
False
Is 98512 a multiple of 60?
False
Does 1002 divide 15162264?
True
Is 720878 a multiple of 20?
False
Is 17 a factor of 217532?
True
Is 11 a factor of 48917?
True
Does 10 divide 3120?
True
Is 19 a factor of 2881528?
False
Does 2196 divide 5592788?
False
Is 19 a factor of 9547101?
True
Does 219 divide 98761?
False
Does 31 divide 7971061?
True
Does 337 divide 159738?
True
Is 9642552 a multiple of 24?
True
Is 220416 a multiple of 24?
True
Is 784596 a multiple of 6?
True
Is 1106375 a multiple of 25?
True
Is 15 a factor of 3474?
False
Does 5 divide 1089?
False
Is 53 a factor of 6959680?
False
Is 60 a factor of 3695940?
True
Is 14038440 a multiple of 65?
True
Is 181559 a multiple of 7?
True
Does 85 divide 314534?
False
Is 97 a factor of 422204?
False
Does 63 divide 7434?
True
Is 39 a factor of 580484?
False
Is 98774 a multiple of 58?
True
Is 30 a factor of 1227951?
False
Is 95 a factor of 58330?
True
Does 5 divide 4474500?
True
Is 140 a factor of 279550?
False
Does 46 divide 3440754?
True
Does 19 divide 89291?
False
Does 2 divide 78224?
True
Does 53 divide 110911?
False
Does 10 divide 1310?
True
Is 86105 a multiple of 17?
True
Does 30 divide 1012483?
False
Is 4 a factor of 67552?
True
Is 15 a factor of 349530?
True
Is 17464 a multiple of 43?
False
Is 1634556 a multiple of 957?
True
Does 23 divide 421429?
True
Does 25 divide 38792?
False
Does 177 divide 372190?
False
Does 11 divide 100864?
False
Does 190 divide 6194950?
True
Is 938360 a multiple of 8?
True
Is 93729 a multiple of 9?
False
Does 465 divide 2888153?
False
Does 290 divide 9663670?
True
Is 37 a factor of 3546002?
False
Is 293 a factor of 63146?
False
Does 42 divide 3134?
False
Is 534 a factor of 680850?
True
Does 869 divide 739812?
False
Is 158 a factor of 986552?
True
Is 36953 a multiple of 3?
False
Is 102 a factor of 34986?
True
Is 147304 a multiple of 11?
False
Is 10 a factor of 162047?
False
Is 110115 a multiple of 45?
True
Does 11 divide 13783?
True
Is 1731722 a multiple of 17?
True
Is 306 a factor of 537724?
False
Is 86062 a multiple of 31?
False
Is 2350011 a multiple of 19?
False
Is 679 a factor of 158764?
False
Does 27 divide 67176?
True
Does 211 divide 244198?
False
Does 129 divide 11533503?
True
Is 17 a factor of 111996?
True
Does 401 divide 373732?
True
Does 41 divide 329804?
True
Is 1503 a multiple of 23?
False
Does 913 divide 7330477?
True
Is 943954 a multiple of 9?
False
Is 381 a factor of 1197864?
True
Is 225 a factor of 175275?
True
Does 141 divide 2987731?
False
Does 172 divide 1075688?
True
Is 27 a factor of 110858?
False
Does 9 divide 21457?
False
Does 51 divide 4993006?
False
Is